6
What is the highest common factor of 225 and 711?
9
Calculate the greatest common factor of 7546 and 28.
14
What is the greatest common factor of 90 and 20?
10
Calculate the highest common divisor of 90 and 54.
18
Calculate the highest common divisor of 675 and 125.
25
Calculate the highest common divisor of 1079 and 117.
13
What is the highest common divisor of 1477 and 7?
7
Calculate the greatest common factor of 99 and 36.
9
What is the highest common factor of 60 and 200?
20
Calculate the highest common divisor of 498 and 18.
6
Calculate the greatest common divisor of 26 and 1885.
13
Calculate the highest common factor of 153 and 289.
17
Calculate the highest common factor of 240 and 135.
15
What is the greatest common factor of 129 and 6?
3
Calculate the greatest common factor of 80 and 1040.
80
Calculate the greatest common factor of 273 and 3696.
21
What is the greatest common factor of 180 and 522?
18
What is the highest common factor of 1075 and 43?
43
What is the greatest common factor of 12 and 60?
12
What is the highest common factor of 32699 and 38?
19
What is the greatest common factor of 306 and 954?
18
What is the highest common divisor of 363 and 33?
33
Calculate the highest common factor of 80 and 360.
40
What is the greatest common factor of 175 and 1925?
175
What is the highest common divisor of 122 and 72102?
122
Calculate the highest common factor of 3173 and 334.
167
What is the highest common divisor of 114 and 936?
6
Calculate the highest common factor of 861 and 266.
7
Calculate the highest common factor of 90 and 216.
18
What is the greatest common divisor of 73047 and 39?
39
What is the highest common factor of 335 and 1876?
67
Calculate the highest common divisor of 4000 and 32.
32
Calculate the greatest common factor of 77 and 427.
7
What is the greatest common factor of 775 and 100?
25
What is the greatest common divisor of 451 and 4797?
41
Calculate the highest common divisor of 9 and 147.
3
What is the highest common factor of 160 and 20?
20
What is the highest common factor of 154 and 242?
22
Calculate the greatest common factor of 568 and 24.
8
What is the highest common factor of 28 and 98?
14
Calculate the greatest common divisor of 516 and 8.
4
What is the greatest common factor of 70 and 5985?
35
Calculate the highest common factor of 1091 and 1.
1
Calculate the greatest common factor of 8 and 278.
2
Calculate the highest common divisor of 208 and 128.
16
What is the greatest common factor of 973 and 7?
7
What is the greatest common divisor of 120 and 64?
8
Calculate the greatest common divisor of 3431 and 511.
73
Calculate the greatest common factor of 11359 and 185.
37
What is the greatest common divisor of 40 and 6?
2
What is the highest common factor of 5216 and 32?
32
What is the greatest common divisor of 682 and 620?
62
Calculate the highest common divisor of 136240 and 262.
262
What is the greatest common factor of 120 and 920?
40
Calculate the highest common divisor of 224 and 64.
32
Calculate the greatest common divisor of 299 and 65.
13
What is the highest common divisor of 19 and 589?
19
What is the greatest common divisor of 108 and 24?
12
Calculate the highest common factor of 2275 and 273.
91
Calculate the highest common divisor of 7 and 17311.
7
What is the highest common factor of 25524 and 36?
36
What is the greatest common factor of 63 and 21?
21
Calculate the greatest common factor of 735 and 15680.
245
Calculate the greatest common divisor of 30 and 405.
15
Calculate the greatest common divisor of 4488 and 68.
68
Calculate the greatest common divisor of 1176 and 798.
42
Calculate the highest common divisor of 10206 and 84.
42
Calculate the greatest common factor of 1692 and 72.
36
Calculate the highest common divisor of 2091 and 123.
123
What is the highest common factor of 54 and 66?
6
Calculate the greatest common factor of 385 and 1045.
55
What is the highest common factor of 692 and 173?
173
What is the greatest common factor of 512 and 8?
8
Calculate the highest common divisor of 1095 and 30.
15
Calculate the greatest common divisor of 442 and 136.
34
Calculate the highest common divisor of 37 and 3996.
37
Calculate the highest common divisor of 2519 and 55.
11
What is the highest common divisor of 18 and 20277?
9
What is the greatest common divisor of 298 and 2?
2
What is the greatest common divisor of 686 and 5782?
98
Calculate the highest common factor of 56 and 434.
14
What is the highest common divisor of 684 and 468?
36
Calculate the highest common factor of 2759 and 445.
89
Calculate the highest common factor of 6 and 15840.
6
What is the highest common factor of 93 and 57?
3
What is the highest common divisor of 96 and 216?
24
What is the highest common divisor of 1183 and 104?
13
Calculate the greatest common factor of 6 and 12642.
6
Calculate the greatest common divisor of 82 and 12.
2
Calculate the highest common factor of 1441 and 22.
11
Calculate the greatest common divisor of 5248 and 820.
164
Calculate the highest common divisor of 1089 and 1694.
121
What is the greatest common divisor of 74 and 2479?
37
Calculate the greatest common divisor of 10 and 270.
10
Calculate the highest common divisor of 84 and 192.
12
What is the greatest common factor of 129 and 1419?
129
Calculate the highest common divisor of 117 and 741.
39
Calculate the greatest common factor of 14170 and 52.
26
Calculate the highest common divisor of 48 and 36.
12
What is the highest common factor of 171 and 76?
19
Calculate the greatest common divisor of 65 and 25.
5
Calculate the greatest common factor of 12 and 6978.
6
Calculate the highest common divisor of 96 and 1864.
8
What is the greatest common factor of 484 and 176?
44
Calculate the highest common divisor of 576 and 162.
18
What is the highest common factor of 7 and 5873?
7
What is the highest common factor of 72 and 9?
9
Calculate the highest common factor of 704 and 8624.
176
Calculate the greatest common divisor of 618 and 12.
6
Calculate the highest common divisor of 846 and 24.
6
What is the highest common factor of 1683 and 51?
51
Calculate the highest common factor of 10 and 640.
10
Calculate the greatest common divisor of 235 and 799.
47
What is the greatest common divisor of 4181 and 703?
37
What is the highest common factor of 124 and 93?
31
What is the highest common divisor of 144 and 792?
72
Calculate the greatest common factor of 224 and 14.
14
What is the highest common divisor of 106 and 8957?
53
Calculate the highest common factor of 156 and 5694.
78
Calculate the highest common factor of 726 and 6.
6
What is the greatest common divisor of 133 and 437?
19
What is the highest common divisor of 49 and 7?
7
Calculate the greatest common factor of 50 and 1850.
50
What is the greatest common factor of 201 and 268?
67
What is the highest common divisor of 40 and 1970?
10
Calculate the greatest common factor of 120 and 2712.
24
Calculate the greatest common factor of 88 and 29810.
22
What is the highest common factor of 12857 and 39?
13
What is the highest common divisor of 91 and 14?
7
Calculate the greatest common divisor of 15555 and 17.
17
What is the greatest common divisor of 68 and 2924?
68
Calculate the highest common factor of 684 and 180.
36
What is the highest common factor of 2728 and 352?
88
What is the greatest common divisor of 7880 and 40?
40
Calculate the highest common factor of 108 and 162.
54
Calculate the greatest common factor of 18 and 372.
6
What is the highest common factor of 6 and 294?
6
Calculate the greatest common divisor of 39 and 364.
13
What is the greatest common factor of 5385 and 15?
15
What is the greatest common factor of 52 and 832?
52
Calculate the highest common factor of 27 and 729.
27
What is the greatest common factor of 98 and 637?
49
Calculate the greatest common factor of 494 and 52.
26
What is the greatest common divisor of 121 and 704?
11
What is the greatest common factor of 219 and 365?
73
Calculate the greatest common divisor of 2735 and 5.
5
Calculate the greatest common divisor of 715 and 3770.
65
What is the highest common divisor of 85 and 445?
5
What is the highest common divisor of 270 and 10?
10
Calculate the greatest common factor of 135 and 513.
27
Calculate th